{"id":18,"date":"2016-07-01T20:22:16","date_gmt":"2016-07-01T20:22:16","guid":{"rendered":"https:\/\/scmfronteira.pt\/?page_id=18"},"modified":"2022-04-11T14:34:32","modified_gmt":"2022-04-11T14:34:32","slug":"creche-e-jardim-de-infancia","status":"publish","type":"page","link":"https:\/\/scmfronteira.pt\/?page_id=18","title":{"rendered":"Creche e Jardim de Inf\u00e2ncia"},"content":{"rendered":"<p>Em 1940 foi fundada, no antigo edif\u00edcio do Asilo da Mendicidade, a Creche e Infant\u00e1rio, com o auxilio de irm\u00e3s da caridade que ali prestavam servi\u00e7o.<\/p>\n<p>Em 1979 \u00e9 constru\u00eddo o novo edif\u00edcio da creche e infant\u00e1rio, em terrenos doados pelo Senhor\u00a0 Eng\u00ba. Jos\u00e9 M\u00e1ximo de Castro Nery.<\/p>\n","protected":false},"excerpt":{"rendered":"<p class=\"qua-blog-post-description\">Em 1940 foi fundada, no antigo edif\u00edcio do Asilo da Mendicidade, a Creche e Infant\u00e1rio, com o auxilio de irm\u00e3s da caridade que ali prestavam servi\u00e7o. Em 1979 \u00e9 constru\u00eddo o novo edif\u00edcio da creche e infant\u00e1rio, em terrenos doados pelo Senhor\u00a0 Eng\u00ba. Jos\u00e9 M\u00e1ximo de Castro Nery.<\/p>\n","protected":false},"author":1,"featured_media":29,"parent":0,"menu_order":0,"comment_status":"closed","ping_status":"closed","template":"","meta":{"footnotes":""},"class_list":["post-18","page","type-page","status-publish","has-post-thumbnail","hentry"],"_links":{"self":[{"href":"https:\/\/scmfronteira.pt\/index.php?rest_route=\/wp\/v2\/pages\/18","targetHints":{"allow":["GET"]}}],"collection":[{"href":"https:\/\/scmfronteira.pt\/index.php?rest_route=\/wp\/v2\/pages"}],"about":[{"href":"https:\/\/scmfronteira.pt\/index.php?rest_route=\/wp\/v2\/types\/page"}],"author":[{"embeddable":true,"href":"https:\/\/scmfronteira.pt\/index.php?rest_route=\/wp\/v2\/users\/1"}],"replies":[{"embeddable":true,"href":"https:\/\/scmfronteira.pt\/index.php?rest_route=%2Fwp%2Fv2%2Fcomments&post=18"}],"version-history":[{"count":5,"href":"https:\/\/scmfronteira.pt\/index.php?rest_route=\/wp\/v2\/pages\/18\/revisions"}],"predecessor-version":[{"id":890,"href":"https:\/\/scmfronteira.pt\/index.php?rest_route=\/wp\/v2\/pages\/18\/revisions\/890"}],"wp:featuredmedia":[{"embeddable":true,"href":"https:\/\/scmfronteira.pt\/index.php?rest_route=\/wp\/v2\/media\/29"}],"wp:attachment":[{"href":"https:\/\/scmfronteira.pt\/index.php?rest_route=%2Fwp%2Fv2%2Fmedia&parent=18"}],"curies":[{"name":"wp","href":"https:\/\/api.w.org\/{rel}","templated":true}]}}

Creche e Jardim de Infância

<p>Em 1940 foi fundada, no antigo edifício do Asilo da Mendicidade, a Creche e Infantário, com o auxilio de irmãs da caridade que ali prestavam serviço.</p>
<p>Em 1979 é construído o novo edifício da creche e infantário, em terrenos doados pelo Senhor  Engº. José Máximo de Castro Nery.</p>

<p class="qua-blog-post-description">Em 1940 foi fundada, no antigo edifício do Asilo da Mendicidade, a Creche e Infantário, com o auxilio de irmãs da caridade que ali prestavam serviço. Em 1979 é construído o novo edifício da creche e infantário, em terrenos doados pelo Senhor  Engº. José Máximo de Castro Nery.</p>
